{"id":728,"date":"2024-02-26T10:29:01","date_gmt":"2024-02-26T10:29:01","guid":{"rendered":"https:\/\/www.analizkodlama.com\/?post_type=product&#038;p=728"},"modified":"2024-03-12T09:55:18","modified_gmt":"2024-03-12T09:55:18","slug":"16-3601q","status":"publish","type":"product","link":"https:\/\/www.analizkodlama.com\/index.php\/product\/16-3601q\/","title":{"rendered":"16-3601Q Wash Clean"},"content":{"rendered":"<p>Videojet cihazlar i\u00e7in \u00fcretilen 1 lt muadil temizleme sol\u00fcsyonudur.<\/p>\n","protected":false},"excerpt":{"rendered":"<h3>Genel \u00dcr\u00fcn Bilgisi<\/h3>\n<p>16-3601Q Wash Clean, y\u00fcksek performansl\u0131 bir temizleme sol\u00fcsyonudur\u00a0 Videojet marka i\u00e7in \u00fcretilmi\u015f ve 1 litrelik\u00a0 hacmiyle, pratik kullan\u0131m i\u00e7in en ideal se\u00e7enektir. Bu \u00f6zel form\u00fcl, bask\u0131 kafalar\u0131n\u0131 ve m\u00fcrekkep kanallar\u0131n\u0131 derinlemesine temizleyerek, m\u00fcrekkep sisteminin sorunsuz bir \u015fekilde \u00e7al\u0131\u015fmas\u0131n\u0131 sa\u011flar. T\u0131kan\u0131kl\u0131klar\u0131 \u00f6nleyerek nozzle\u2019lar\u0131n\u00a0 \u00f6mr\u00fcn\u00fc uzat\u0131r ve b\u00f6ylece bask\u0131 kalitesini optimize eder. Kullan\u0131m\u0131 kolay bu sol\u00fcsyon, d\u00fczenli bak\u0131m rutinlerinin ayr\u0131lmaz bir par\u00e7as\u0131 olarak, bask\u0131 ekipman\u0131n\u0131z\u0131n verimlili\u011fini art\u0131r\u0131rken maliyetlerinizi de d\u00fc\u015f\u00fcrmeye yard\u0131mc\u0131 olur.<\/p>\n<p>&nbsp;<\/p>\n<p>\u00dcr\u00fcn \u00d6zellikleri:<\/p>\n<ul>\n<li>1 litre hacim: Kolay saklama ve ihtiya\u00e7 duyuldu\u011funda pratik kullan\u0131m i\u00e7in ideal boyuttad\u0131r.<\/li>\n<li>\u00c7ok y\u00f6nl\u00fc uyumluluk: Solvent bazl\u0131 m\u00fcrekkep sistemlerine uyum sa\u011flar.<\/li>\n<li>Derinlemesine temizlik: Bask\u0131 kafalar\u0131 ve m\u00fcrekkep kanallar\u0131ndaki t\u0131kan\u0131kl\u0131klar\u0131 etkili bir \u015fekilde temizler.<\/li>\n<li>Bask\u0131 kalitesini optimize eder: T\u0131kan\u0131kl\u0131klar\u0131 \u00f6nleyerek nozzle\u2019lar\u0131n \u00f6mr\u00fcn\u00fc uzat\u0131r ve net, keskin bask\u0131lar elde etmenizi sa\u011flar.<\/li>\n<li>Maliyet etkin: D\u00fczenli kullan\u0131mda, bask\u0131 ekipmanlar\u0131n\u0131z\u0131n bak\u0131m maliyetlerini azalt\u0131r.<\/li>\n<\/ul>\n<p>16-3601Q Wash Clean ile bask\u0131 ekipmanlar\u0131n\u0131z\u0131n bak\u0131m\u0131 art\u0131k daha kolay ve etkili. Y\u00fcksek kaliteli bask\u0131lar\u0131n\u0131z\u0131 korumak ve ekipmanlar\u0131n\u0131z\u0131n \u00f6mr\u00fcn\u00fc uzatmak i\u00e7in ideal bir \u00e7\u00f6z\u00fcmd\u00fcr.<\/p>\n","protected":false},"featured_media":729,"template":"","meta":[],"product_brand":[],"product_cat":[28,39],"product_tag":[],"class_list":{"0":"post-728","1":"product","2":"type-product","3":"status-publish","4":"has-post-thumbnail","6":"product_cat-muadil-kartus-murekkep","7":"product_cat-videojet","9":"first","10":"instock","11":"shipping-taxable","12":"product-type-simple"},"_links":{"self":[{"href":"https:\/\/www.analizkodlama.com\/index.php\/wp-json\/wp\/v2\/product\/728","targetHints":{"allow":["GET"]}}],"collection":[{"href":"https:\/\/www.analizkodlama.com\/index.php\/wp-json\/wp\/v2\/product"}],"about":[{"href":"https:\/\/www.analizkodlama.com\/index.php\/wp-json\/wp\/v2\/types\/product"}],"wp:featuredmedia":[{"embeddable":true,"href":"https:\/\/www.analizkodlama.com\/index.php\/wp-json\/wp\/v2\/media\/729"}],"wp:attachment":[{"href":"https:\/\/www.analizkodlama.com\/index.php\/wp-json\/wp\/v2\/media?parent=728"}],"wp:term":[{"taxonomy":"product_brand","embeddable":true,"href":"https:\/\/www.analizkodlama.com\/index.php\/wp-json\/wp\/v2\/product_brand?post=728"},{"taxonomy":"product_cat","embeddable":true,"href":"https:\/\/www.analizkodlama.com\/index.php\/wp-json\/wp\/v2\/product_cat?post=728"},{"taxonomy":"product_tag","embeddable":true,"href":"https:\/\/www.analizkodlama.com\/index.php\/wp-json\/wp\/v2\/product_tag?post=728"}],"curies":[{"name":"wp","href":"https:\/\/api.w.org\/{rel}","templated":true}]}}