{"id":307,"date":"2024-02-14T11:05:46","date_gmt":"2024-02-14T11:05:46","guid":{"rendered":"https:\/\/www.analizkodlama.com\/?post_type=product&#038;p=307"},"modified":"2024-02-26T11:37:55","modified_gmt":"2024-02-26T11:37:55","slug":"v-411-ve-v-706-set","status":"publish","type":"product","link":"https:\/\/www.analizkodlama.com\/index.php\/product\/v-411-ve-v-706-set\/","title":{"rendered":"V-411 ve V-706 Set"},"content":{"rendered":"<h3>V-411 ve V-706 Kartu\u015flar<\/h3>\n<ul>\n<li><strong>V-411 ve V-706<\/strong>: Bunlar, genellikle farkl\u0131 uygulamalar ve y\u00fczeyler i\u00e7in \u00f6zel olarak form\u00fcle edilmi\u015f m\u00fcrekkep kartu\u015flar\u0131 olabilir. V-411 ve V-706, m\u00fcrekkebin kuruma h\u0131z\u0131, yap\u0131\u015fma \u00f6zellikleri ve diren\u00e7li oldu\u011fu ko\u015fullar (su, kimyasallar, a\u015f\u0131nma) gibi \u00e7e\u015fitli fakt\u00f6rlere g\u00f6re se\u00e7ilebilir.<\/li>\n<\/ul>\n<h3>16-3601Q Clean Wash<\/h3>\n<ul>\n<li><strong>16-3601Q<\/strong>: Bu \u00fcr\u00fcn, yaz\u0131c\u0131lar\u0131n bak\u0131m\u0131 ve temizli\u011fi i\u00e7in kullan\u0131lan bir sol\u00fcsyondur. Yaz\u0131c\u0131 kafalar\u0131n\u0131n d\u00fczenli temizlenmesi, bask\u0131 kalitesini korumak ve cihaz\u0131n \u00f6mr\u00fcn\u00fc uzatmak i\u00e7in \u00f6nemlidir.<\/li>\n<\/ul>\n<h3>Uyumlu Cihaz Listesi<\/h3>\n<p>Uyumlu cihaz listesi, kullan\u0131lan m\u00fcrekkep veya temizleme sol\u00fcsyonunun \u00f6zelliklerine ve hedeflenen kullan\u0131m alan\u0131na ba\u011fl\u0131 olarak de\u011fi\u015febilir. her biri farkl\u0131 end\u00fcstriyel ihtiya\u00e7lara hizmet eder:<\/p>\n<ul>\n<li><strong>K\u00fc\u00e7\u00fck Karakter Inkjet Yaz\u0131c\u0131lar<\/strong>: Genellikle ambalaj \u00fczerine k\u00fc\u00e7\u00fck boyutlu bask\u0131lar i\u00e7in kullan\u0131l\u0131r.<\/li>\n<li><strong>Y\u00fcksek \u00c7\u00f6z\u00fcn\u00fcrl\u00fckl\u00fc Karton Yaz\u0131c\u0131lar<\/strong>: Karton kutular ve kasa etiketleme uygulamalar\u0131 i\u00e7in idealdir.<\/li>\n<li><strong>Lazer Markalama Sistemleri<\/strong>: Kal\u0131c\u0131 markalama gereksinimleri i\u00e7in kullan\u0131l\u0131r.<\/li>\n<\/ul>\n<h3>\u00dcr\u00fcn Bilgisi ve Uyumlu Cihazlar \u0130\u00e7in \u00d6neriler<\/h3>\n<p>&nbsp;<\/p>\n","protected":false},"excerpt":{"rendered":"<p>V-411 ve V-706 Kartu\u015flar V-411 ve V-706: Bunlar, genellikle farkl\u0131 uygulamalar ve y\u00fczeyler i\u00e7in \u00f6zel olarak form\u00fcle edilmi\u015f m\u00fcrekkep kartu\u015flar\u0131 olabilir. V-411 ve V-706, m\u00fcrekkebin kuruma h\u0131z\u0131, yap\u0131\u015fma \u00f6zellikleri ve diren\u00e7li oldu\u011fu ko\u015fullar (su, kimyasallar, a\u015f\u0131nma) gibi \u00e7e\u015fitli fakt\u00f6rlere g\u00f6re se\u00e7ilebilir. 16-3601Q Clean Wash 16-3601Q: Bu \u00fcr\u00fcn, yaz\u0131c\u0131lar\u0131n bak\u0131m\u0131 ve temizli\u011fi i\u00e7in kullan\u0131lan bir sol\u00fcsyondur. [&hellip;]<\/p>\n","protected":false},"featured_media":308,"template":"","meta":[],"product_brand":[],"product_cat":[28,39],"product_tag":[],"class_list":{"0":"post-307","1":"product","2":"type-product","3":"status-publish","4":"has-post-thumbnail","6":"product_cat-muadil-kartus-murekkep","7":"product_cat-videojet","9":"first","10":"instock","11":"shipping-taxable","12":"product-type-simple"},"_links":{"self":[{"href":"https:\/\/www.analizkodlama.com\/index.php\/wp-json\/wp\/v2\/product\/307","targetHints":{"allow":["GET"]}}],"collection":[{"href":"https:\/\/www.analizkodlama.com\/index.php\/wp-json\/wp\/v2\/product"}],"about":[{"href":"https:\/\/www.analizkodlama.com\/index.php\/wp-json\/wp\/v2\/types\/product"}],"wp:featuredmedia":[{"embeddable":true,"href":"https:\/\/www.analizkodlama.com\/index.php\/wp-json\/wp\/v2\/media\/308"}],"wp:attachment":[{"href":"https:\/\/www.analizkodlama.com\/index.php\/wp-json\/wp\/v2\/media?parent=307"}],"wp:term":[{"taxonomy":"product_brand","embeddable":true,"href":"https:\/\/www.analizkodlama.com\/index.php\/wp-json\/wp\/v2\/product_brand?post=307"},{"taxonomy":"product_cat","embeddable":true,"href":"https:\/\/www.analizkodlama.com\/index.php\/wp-json\/wp\/v2\/product_cat?post=307"},{"taxonomy":"product_tag","embeddable":true,"href":"https:\/\/www.analizkodlama.com\/index.php\/wp-json\/wp\/v2\/product_tag?post=307"}],"curies":[{"name":"wp","href":"https:\/\/api.w.org\/{rel}","templated":true}]}}